33829
List the prime factors of 5499003143.
5499003143
List the prime factors of 1066964096.
2, 11, 163, 4649
List the prime factors of 3308450711.
127, 26050793
List the prime factors of 1148960523.
3, 382986841
What are the prime factors of 1769839005?
3, 5, 11, 41, 431, 607
List the prime factors of 2860037112.
2, 3, 3329, 35797
What are the prime factors of 381230767?
1151, 331217
What are the prime factors of 1158437517?
3, 823, 469193
What are the prime factors of 51244202?
2, 193, 132757
What are the prime factors of 55715186?
2, 43, 647851
What are the prime factors of 48022841?
17, 166169
What are the prime factors of 107316832?
2, 7, 659, 727
List the prime factors of 2012101171.
29, 69382799
List the prime factors of 16310755.
5, 73, 44687
What are the prime factors of 114385277?
114385277
What are the prime factors of 322527820?
2, 5, 16126391
What are the prime factors of 901534540?
2, 5, 139, 324293
List the prime factors of 59868445.
5, 7, 13, 18797
What are the prime factors of 77957382?
2, 3, 53, 245149
What are the prime factors of 84994126?
2, 7, 31, 101, 277
What are the prime factors of 56212928?
2, 307, 2861
List the prime factors of 227427664.
2, 53, 269, 997
What are the prime factors of 47433619?
47433619
List the prime factors of 56478976.
2, 41, 5381
List the prime factors of 60617786.
2, 30308893
List the prime factors of 7560045618.
2, 3, 997, 1263799
What are the prime factors of 60897643?
127, 479509
What are the prime factors of 2717043574?
2, 7, 59, 167, 19697
What are the prime factors of 3674272107?
3, 11, 929, 119851
What are the prime factors of 485397235?
5, 97079447
List the prime factors of 643005582.
2, 3, 1399, 76603
What are the prime factors of 4961540091?
3, 19, 87044563
List the prime factors of 78022937.
3041, 25657
List the prime factors of 1790552837.
19, 94239623
List the prime factors of 494733445.
5, 1129, 87641
What are the prime factors of 1218430?
2, 5, 121843
What are the prime factors of 965250766?
2, 482625383
List the prime factors of 907314375.
3, 5, 11, 43991
What are the prime factors of 2598016861?
11, 236183351
List the prime factors of 4971156392.
2, 59, 10532111
List the prime factors of 1032239280.
2, 3, 5, 79, 54443
List the prime factors of 226548565.
5, 73, 199, 3119
List the prime factors of 398100485.
5, 131, 359, 1693
List the prime factors of 1558662886.
2, 11, 70848313
What are the prime factors of 79823246?
2, 39911623
What are the prime factors of 177229371?
3, 11, 37, 3923
List the prime factors of 232718981.
11, 21156271
List the prime factors of 371664273.
3, 103, 421, 2857
List the prime factors of 152323842.
2, 3, 11, 17, 349, 389
List the prime factors of 75683567.
75683567
What are the prime factors of 5549481521?
63247, 87743
What are the prime factors of 636345979?
337, 1888267
What are the prime factors of 702555216?
2, 3, 11, 79, 16843
List the prime factors of 1080023648.
2, 11, 587, 5227
List the prime factors of 1793940517.
1039, 1726603
What are the prime factors of 56732765?
5, 19, 347, 1721
List the prime factors of 41231963.
41231963
List the prime factors of 378981266.
2, 189490633
What are the prime factors of 670257632?
2, 11, 241, 7901
What are the prime factors of 10412087?
7, 1487441
What are the prime factors of 255005884?
2, 7, 821, 11093
List the prime factors of 422621546.
2, 3319, 63667
What are the prime factors of 148756545?
3, 5, 7, 17, 27779
List the prime factors of 158657470.
2, 5, 73, 217339
What are the prime factors of 221926724?
2, 23, 2412247
List the prime factors of 36893895.
3, 5, 281, 8753
What are the prime factors of 11346021?
3, 17, 19, 1301
What are the prime factors of 1044357297?
3, 23, 43, 351991
What are the prime factors of 24997641?
3, 8332547
List the prime factors of 39435351.
3, 13145117
What are the prime factors of 8106523356?
2, 3, 19, 35554927
What are the prime factors of 3252260?
2, 5, 11, 14783
List the prime factors of 241333432.
2, 30166679
What are the prime factors of 1381001138?
2, 11, 1153, 54443
List the prime factors of 1153027404.
2, 3, 787, 40697
List the prime factors of 265113464.
2, 7, 11, 47, 9157
What are the prime factors of 575988184?
2, 31, 1367, 1699
List the prime factors of 318964654.
2, 47, 157, 21613
List the prime factors of 1952103577.
2521, 774337
What are the prime factors of 513962006?
2, 89, 32443
List the prime factors of 118584471.
3, 39528157
List the prime factors of 592928471.
592928471
List the prime factors of 32814649.
7, 953, 4919
List the prime factors of 525143459.
2939, 178681
What are the prime factors of 350702134?
2, 175351067
What are the prime factors of 191470490?
2, 5, 17, 109, 10333
What are the prime factors of 57899918?
2, 28949959
What are the prime factors of 4686422291?
163, 953, 30169
What are the prime factors of 6171908334?
2, 3, 1028651389
List the prime factors of 167871247.
67, 2505541
List the prime factors of 552877482.
2, 3, 127, 337, 2153
What are the prime factors of 189800385?
3, 5, 97, 130447
What are the prime factors of 395849338?
2, 197924669
List the prime factors of 654867849.
3, 67, 3258049
List the prime factors of 372261340.
2, 5, 11, 199, 773
What are the prime factors of 6226172631?
3, 7, 98828137
List the prime factors of 2531495148.
2, 3, 7, 13, 443, 5233
List the prime factors of 380293124.
2, 29, 3278389
What are the prime factors of 3530459685?
3, 5, 2917, 80687
What are the prime factors of 2233593663?
3, 7, 106361603
What are the prime factors of 3184186475?
5, 127367459
What are the prime factors of 30595503?
3, 463, 22027
What are the prime factors of 449266449?
3, 859, 174337
List the prime factors of 2041203493.
7, 291600499
What are the prime factors of 2165149329?
3, 7, 47, 313381
What are the prime factors of 634527608?
2, 11, 13, 43, 12899
List the prime factors of 1153957737.
3, 384652579
What are the prime factors of 225073461?
3, 3779, 19853
List the prime factors of 198395270.
2, 5, 17, 337, 3463
What are the prime factors of 66405022?
2, 71, 467641
List the prime factors of 1166658820.
2, 5, 229, 254729
List the prime factors of 466896258.
2, 3, 8646227
What are the prime factors of 3141455519?
719, 4369201
List the prime factors of 972501450.
2, 3, 5, 6483343
What are the prime factors of 5819998?
2, 73, 39863
What are the prime factors of 1046041803?
3, 29, 1335941
List the prime factors of 1417276180.
2, 5, 53, 383, 3491
What are the prime factors of 198453435?
3, 5, 61, 107, 2027
List the prime factors of 3817025.
5, 152681
What are the prime factors of 116111962?
2, 58055981
List the prime factors of 113739792.
2, 3, 17, 139387
List the prime factors of 249523205.
5, 23, 53, 40939
What are the prime factors of 4070574292?
2, 11579, 87887
List the prime factors of 558989523.
3, 1307, 47521
What are the prime factors of 1895127208?
2, 13, 79, 230663
List the prime factors of 16175842.
2, 8087921
What are the prime factors of 3317404739?
11, 103, 2927983
What are the prime factors of 42586151?
1367, 31153
What are the prime factors of 492694713?
3, 7, 7820551
What are the prime factors of 71829632?
2, 7, 80167
List the prime factors of 192031940.
2, 5, 701, 13697
List the prime factors of 2712094020.
2, 3, 5, 2207, 6827
What are the prime factors of 1587917138?
2, 149, 5328581
List the prime factors of 83398322.
2, 7, 23, 259001
What are the prime factors of 305863334?
2, 7, 21847381
List the prime factors of 58503260.
2, 5, 23, 89, 1429
List the prime factors of 135042747.
3, 7, 17, 19, 43, 463
List the prime factors of 156956385.
3, 5, 1667, 6277
List the prime factors of 230280007.
43, 124543
What are the prime factors of 274736488?
2, 13, 29, 71, 1283
What are the prime factors of 141830276?
2, 7, 1811, 2797
What are the prime factors of 2333030685?
3, 5, 155535379
What are the prime factors of 397633695?
3, 5, 26508913
List the prime factors of 992282238.
2, 3, 23, 88771
List the prime factors of 174847722.
2, 3, 7, 4163041
What are the prime factors of 3313484?
2, 828371
List the prime factors of 4089923135.
5, 23, 577, 61637
What are the prime factors of 95592892?
2, 23898223
What are the prime factors of 28718771?
37, 776183
What are the prime factors of 249090349?
249090349
What are the prime f